{"id":199,"date":"2020-05-14T13:41:14","date_gmt":"2020-05-14T13:41:14","guid":{"rendered":"http:\/\/fah-bonn.de\/?page_id=199"},"modified":"2020-09-24T08:02:01","modified_gmt":"2020-09-24T08:02:01","slug":"lean-management","status":"publish","type":"page","link":"https:\/\/fah-bonn.de\/?page_id=199","title":{"rendered":"Lean Management"},"content":{"rendered":"\n<ul class=\"wp-block-list\"><li><a href=\"http:\/\/fah-bonn.de\/?page_id=690\">Steigerung der Innovationsproduktivit\u00e4t mittelst\u00e4ndischer Arzneimittelhersteller<\/a><\/li><li><a href=\"http:\/\/fah-bonn.de\/?page_id=696\">Risikobasierte L\u00f6sungsraum-Steuerung von Entwicklungsprojekten in der Arzneimittelbranche<\/a><\/li><li><a href=\"http:\/\/fah-bonn.de\/?page_id=702\">Entwicklung eines Ganzheitlichen Produktionssystems zur Erh\u00f6hung der Wettbewerbsf\u00e4higkeit<\/a><\/li><\/ul>\n","protected":false},"excerpt":{"rendered":"<p>Steigerung der Innovationsproduktivit\u00e4t mittelst\u00e4ndischer Arzneimittelhersteller Risikobasierte L\u00f6sungsraum-Steuerung von Entwicklungsprojekten in der Arzneimittelbranche Entwicklung eines Ganzheitlichen Produktionssystems zur Erh\u00f6hung der Wettbewerbsf\u00e4higkeit<span class=\"more-link\"><a href=\"https:\/\/fah-bonn.de\/?page_id=199\">Weiterlesen<\/a><\/span><\/p>\n","protected":false},"author":1,"featured_media":0,"parent":25,"menu_order":0,"comment_status":"closed","ping_status":"closed","template":"","meta":{"footnotes":""},"class_list":["entry","author-hoffmann","post-199","page","type-page","status-publish"],"_links":{"self":[{"href":"https:\/\/fah-bonn.de\/index.php?rest_route=\/wp\/v2\/pages\/199","targetHints":{"allow":["GET"]}}],"collection":[{"href":"https:\/\/fah-bonn.de\/index.php?rest_route=\/wp\/v2\/pages"}],"about":[{"href":"https:\/\/fah-bonn.de\/index.php?rest_route=\/wp\/v2\/types\/page"}],"author":[{"embeddable":true,"href":"https:\/\/fah-bonn.de\/index.php?rest_route=\/wp\/v2\/users\/1"}],"replies":[{"embeddable":true,"href":"https:\/\/fah-bonn.de\/index.php?rest_route=%2Fwp%2Fv2%2Fcomments&post=199"}],"version-history":[{"count":5,"href":"https:\/\/fah-bonn.de\/index.php?rest_route=\/wp\/v2\/pages\/199\/revisions"}],"predecessor-version":[{"id":712,"href":"https:\/\/fah-bonn.de\/index.php?rest_route=\/wp\/v2\/pages\/199\/revisions\/712"}],"up":[{"embeddable":true,"href":"https:\/\/fah-bonn.de\/index.php?rest_route=\/wp\/v2\/pages\/25"}],"wp:attachment":[{"href":"https:\/\/fah-bonn.de\/index.php?rest_route=%2Fwp%2Fv2%2Fmedia&parent=199"}],"curies":[{"name":"wp","href":"https:\/\/api.w.org\/{rel}","templated":true}]}}