{"id":465,"date":"2020-09-22T10:20:05","date_gmt":"2020-09-22T10:20:05","guid":{"rendered":"http:\/\/fah-bonn.de\/?page_id=465"},"modified":"2020-09-22T10:20:05","modified_gmt":"2020-09-22T10:20:05","slug":"molekularbiologische-authentizitaetspruefung-von-pflanzenextrakten","status":"publish","type":"page","link":"https:\/\/fah-bonn.de\/?page_id=465","title":{"rendered":"Molekularbiologische Authentizit\u00e4tspr\u00fcfung von Pflanzenextrakten"},"content":{"rendered":"\n<h4 class=\"wp-block-heading\">Laufzeit<\/h4>\n\n\n\n<p>01.12.2008 &#8211; 31.01.2011<\/p>\n\n\n\n<h4 class=\"wp-block-heading\">Forschungsstelle<\/h4>\n\n\n\n<p>Veterin\u00e4rmedizinische Universit\u00e4t Wien<br>Institut f\u00fcr Angewandte Botanik<br>Veterin\u00e4rplatz 1<br>A &#8211; 1210 Wien<\/p>\n\n\n\n<h4 class=\"wp-block-heading\">Projektleiter<\/h4>\n\n\n\n<p>A. Prof. Johannes Novak<\/p>\n\n\n\n<h4 class=\"wp-block-heading\">F\u00f6rderung<\/h4>\n\n\n\n<p>Das IGF-Vorhaben 15182 N der Forschungsvereinigung der Arzneimittel-Hersteller e.V. (FAH), B\u00fcrgerstra\u00dfe 12, 53173 Bonn wird \u00fcber die AiF im Rahmen des Programms zur F\u00f6rderung der industriellen Gemeinschaftsforschung und -entwicklung (IGF) vom Bundesministerium f\u00fcr Wirtschaft und Technologie aufgrund eines Beschlusses des Deutschen Bundestages gef\u00f6rdert.<\/p>\n\n\n\n<figure class=\"wp-block-image\"><img decoding=\"async\" src=\"http:\/\/fah-bonn.de\/site\/uploads\/tx_fahprojects\/BMWi_4C_M-Gef_11.png\" alt=\"\" title=\"\"\/><\/figure>\n\n\n\n<figure class=\"wp-block-image\"><img decoding=\"async\" src=\"http:\/\/fah-bonn.de\/site\/uploads\/tx_fahprojects\/AIF-Claim_rgb_11.png\" alt=\"\" title=\"\"\/><\/figure>\n\n\n\n<h4 class=\"wp-block-heading\">Dokumente<\/h4>\n\n\n\n<div class=\"wp-block-file\"><a href=\"http:\/\/fah-bonn.de\/wp-content\/uploads\/2020\/09\/15182-molekularbiologische-Identifizierung.pdf\">15182-molekularbiologische-Identifizierung<\/a><a href=\"http:\/\/fah-bonn.de\/wp-content\/uploads\/2020\/09\/15182-molekularbiologische-Identifizierung.pdf\" class=\"wp-block-file__button\" download>Kurzdarstellung<\/a><\/div>\n\n\n\n<div class=\"wp-block-file\"><a href=\"http:\/\/fah-bonn.de\/wp-content\/uploads\/2020\/09\/15182-N_molekularbiologische-Identifizierung.pdf\">15182-N_molekularbiologische-Identifizierung<\/a><a href=\"http:\/\/fah-bonn.de\/wp-content\/uploads\/2020\/09\/15182-N_molekularbiologische-Identifizierung.pdf\" class=\"wp-block-file__button\" download>Schlussbericht<\/a><\/div>\n\n\n\n<p><\/p>\n","protected":false},"excerpt":{"rendered":"<p>Laufzeit 01.12.2008 &#8211; 31.01.2011 Forschungsstelle Veterin\u00e4rmedizinische Universit\u00e4t WienInstitut f\u00fcr Angewandte BotanikVeterin\u00e4rplatz 1A &#8211; 1210 Wien Projektleiter A. Prof. Johannes Novak F\u00f6rderung Das IGF-Vorhaben 15182 N der Forschungsvereinigung der Arzneimittel-Hersteller e.V. (FAH), B\u00fcrgerstra\u00dfe 12, 53173 Bonn wird \u00fcber die AiF im Rahmen des Programms zur F\u00f6rderung der industriellen Gemeinschaftsforschung und -entwicklung<span class=\"more-link\"><a href=\"https:\/\/fah-bonn.de\/?page_id=465\">Weiterlesen<\/a><\/span><\/p>\n","protected":false},"author":1,"featured_media":0,"parent":193,"menu_order":0,"comment_status":"closed","ping_status":"closed","template":"","meta":{"footnotes":""},"class_list":["entry","author-hoffmann","post-465","page","type-page","status-publish"],"_links":{"self":[{"href":"https:\/\/fah-bonn.de\/index.php?rest_route=\/wp\/v2\/pages\/465","targetHints":{"allow":["GET"]}}],"collection":[{"href":"https:\/\/fah-bonn.de\/index.php?rest_route=\/wp\/v2\/pages"}],"about":[{"href":"https:\/\/fah-bonn.de\/index.php?rest_route=\/wp\/v2\/types\/page"}],"author":[{"embeddable":true,"href":"https:\/\/fah-bonn.de\/index.php?rest_route=\/wp\/v2\/users\/1"}],"replies":[{"embeddable":true,"href":"https:\/\/fah-bonn.de\/index.php?rest_route=%2Fwp%2Fv2%2Fcomments&post=465"}],"version-history":[{"count":1,"href":"https:\/\/fah-bonn.de\/index.php?rest_route=\/wp\/v2\/pages\/465\/revisions"}],"predecessor-version":[{"id":468,"href":"https:\/\/fah-bonn.de\/index.php?rest_route=\/wp\/v2\/pages\/465\/revisions\/468"}],"up":[{"embeddable":true,"href":"https:\/\/fah-bonn.de\/index.php?rest_route=\/wp\/v2\/pages\/193"}],"wp:attachment":[{"href":"https:\/\/fah-bonn.de\/index.php?rest_route=%2Fwp%2Fv2%2Fmedia&parent=465"}],"curies":[{"name":"wp","href":"https:\/\/api.w.org\/{rel}","templated":true}]}}

Molekularbiologische Authentizitätsprüfung von Pflanzenextrakten

<h4 class="wp-block-heading">Laufzeit</h4>



<p>01.12.2008 &#8211; 31.01.2011</p>



<h4 class="wp-block-heading">Forschungsstelle</h4>



<p>Veterinärmedizinische Universität Wien<br>Institut für Angewandte Botanik<br>Veterinärplatz 1<br>A &#8211; 1210 Wien</p>



<h4 class="wp-block-heading">Projektleiter</h4>



<p>A. Prof. Johannes Novak</p>



<h4 class="wp-block-heading">Förderung</h4>



<p>Das IGF-Vorhaben 15182 N der Forschungsvereinigung der Arzneimittel-Hersteller e.V. (FAH), Bürgerstraße 12, 53173 Bonn wird über die AiF im Rahmen des Programms zur Förderung der industriellen Gemeinschaftsforschung und -entwicklung (IGF) vom Bundesministerium für Wirtschaft und Technologie aufgrund eines Beschlusses des Deutschen Bundestages gefördert.</p>



<figure class="wp-block-image"><img decoding="async" src="http://fah-bonn.de/site/uploads/tx_fahprojects/BMWi_4C_M-Gef_11.png" alt="" title=""/></figure>



<figure class="wp-block-image"><img decoding="async" src="http://fah-bonn.de/site/uploads/tx_fahprojects/AIF-Claim_rgb_11.png" alt="" title=""/></figure>



<h4 class="wp-block-heading">Dokumente</h4>



<div class="wp-block-file"><a href="http://fah-bonn.de/wp-content/uploads/2020/09/15182-molekularbiologische-Identifizierung.pdf">15182-molekularbiologische-Identifizierung</a><a href="http://fah-bonn.de/wp-content/uploads/2020/09/15182-molekularbiologische-Identifizierung.pdf" class="wp-block-file__button" download>Kurzdarstellung</a></div>



<div class="wp-block-file"><a href="http://fah-bonn.de/wp-content/uploads/2020/09/15182-N_molekularbiologische-Identifizierung.pdf">15182-N_molekularbiologische-Identifizierung</a><a href="http://fah-bonn.de/wp-content/uploads/2020/09/15182-N_molekularbiologische-Identifizierung.pdf" class="wp-block-file__button" download>Schlussbericht</a></div>



<p></p>

<p>Laufzeit 01.12.2008 &#8211; 31.01.2011 Forschungsstelle Veterinärmedizinische Universität WienInstitut für Angewandte BotanikVeterinärplatz 1A &#8211; 1210 Wien Projektleiter A. Prof. Johannes Novak Förderung Das IGF-Vorhaben 15182 N der Forschungsvereinigung der Arzneimittel-Hersteller e.V. (FAH), Bürgerstraße 12, 53173 Bonn wird über die AiF im Rahmen des Programms zur Förderung der industriellen Gemeinschaftsforschung und -entwicklung<span class="more-link"><a href="https://fah-bonn.de/?page_id=465">Weiterlesen</a></span></p>
