{"id":63,"date":"2020-05-13T14:40:24","date_gmt":"2020-05-13T14:40:24","guid":{"rendered":"http:\/\/fah-bonn.de\/?page_id=63"},"modified":"2020-09-29T10:23:25","modified_gmt":"2020-09-29T10:23:25","slug":"arbeitsgruppe-diskussionsforum-rohstoffquellen-homoeopathie","status":"publish","type":"page","link":"https:\/\/fah-bonn.de\/?page_id=63","title":{"rendered":"Arbeitsgruppe \u201eDiskussionsforum Rohstoffquellen Hom\u00f6opathie\u201d"},"content":{"rendered":"\n<h3 class=\"wp-block-heading\"><strong>Leitung:<\/strong><\/h3>\n\n\n\n<p>N.N.<br>Forschungsvereinigung der Arzneimittel-Hersteller e.V. (FAH), Bonn<\/p>\n\n\n\n<h3 class=\"wp-block-heading\"><br><strong>Stellvertreter:<\/strong><\/h3>\n\n\n\n<p>N.N.<\/p>\n\n\n\n<h3 class=\"wp-block-heading\"><strong>Zusammensetzung:<\/strong><\/h3>\n\n\n\n<p><\/p>\n\n\n\n<ul class=\"wp-block-list\"><li>Vertreter von Hom\u00f6opathikaherstellern<\/li><li>Vertreter der Arzneipflanzenproduktion<\/li><\/ul>\n\n\n\n<p><\/p>\n\n\n\n<h3 class=\"wp-block-heading\"><strong>Aufgabe:<\/strong><\/h3>\n\n\n\n<ul class=\"wp-block-list\"><li>Diskussion der Beschaffungsm\u00f6glichkeiten f\u00fcr in der verwendete Arzneipflanzen<\/li><\/ul>\n","protected":false},"excerpt":{"rendered":"<p>Leitung: N.N.Forschungsvereinigung der Arzneimittel-Hersteller e.V. (FAH), Bonn Stellvertreter: N.N. Zusammensetzung: Vertreter von Hom\u00f6opathikaherstellern Vertreter der Arzneipflanzenproduktion Aufgabe: Diskussion der Beschaffungsm\u00f6glichkeiten f\u00fcr in der verwendete Arzneipflanzen<span class=\"more-link\"><a href=\"https:\/\/fah-bonn.de\/?page_id=63\">Weiterlesen<\/a><\/span><\/p>\n","protected":false},"author":1,"featured_media":916,"parent":26,"menu_order":0,"comment_status":"closed","ping_status":"closed","template":"","meta":{"footnotes":""},"class_list":["entry","author-hoffmann","post-63","page","type-page","status-publish","has-post-thumbnail"],"_links":{"self":[{"href":"https:\/\/fah-bonn.de\/index.php?rest_route=\/wp\/v2\/pages\/63","targetHints":{"allow":["GET"]}}],"collection":[{"href":"https:\/\/fah-bonn.de\/index.php?rest_route=\/wp\/v2\/pages"}],"about":[{"href":"https:\/\/fah-bonn.de\/index.php?rest_route=\/wp\/v2\/types\/page"}],"author":[{"embeddable":true,"href":"https:\/\/fah-bonn.de\/index.php?rest_route=\/wp\/v2\/users\/1"}],"replies":[{"embeddable":true,"href":"https:\/\/fah-bonn.de\/index.php?rest_route=%2Fwp%2Fv2%2Fcomments&post=63"}],"version-history":[{"count":9,"href":"https:\/\/fah-bonn.de\/index.php?rest_route=\/wp\/v2\/pages\/63\/revisions"}],"predecessor-version":[{"id":836,"href":"https:\/\/fah-bonn.de\/index.php?rest_route=\/wp\/v2\/pages\/63\/revisions\/836"}],"up":[{"embeddable":true,"href":"https:\/\/fah-bonn.de\/index.php?rest_route=\/wp\/v2\/pages\/26"}],"wp:featuredmedia":[{"embeddable":true,"href":"https:\/\/fah-bonn.de\/index.php?rest_route=\/wp\/v2\/media\/916"}],"wp:attachment":[{"href":"https:\/\/fah-bonn.de\/index.php?rest_route=%2Fwp%2Fv2%2Fmedia&parent=63"}],"curies":[{"name":"wp","href":"https:\/\/api.w.org\/{rel}","templated":true}]}}